base 14
0
What is -2 (base 11) in base 10?
-2
0 (base 11) to base 10
0
What is 17 (base 9) in base 12?
14
-1 (base 6) to base 15
-1
4 (base 11) to base 10
4
Convert 3 (base 4) to base 13.
3
2 (base 16) to base 14
2
What is -12 (base 4) in base 11?
-6
3 (base 15) to base 7
3
88 (base 14) to base 16
78
What is -534 (base 6) in base 10?
-202
-5 (base 6) to base 9
-5
4 (base 8) to base 10
4
Convert -4 (base 6) to base 9.
-4
Convert 2 (base 14) to base 10.
2
What is 53 (base 6) in base 11?
30
Convert 1010 (base 2) to base 5.
20
Convert -19 (base 13) to base 3.
-211
Convert -10b (base 12) to base 3.
-12202
What is 24 (base 6) in base 12?
14
-112 (base 7) to base 10
-58
Convert -2121 (base 4) to base 9.
-180
Convert 13 (base 13) to base 14.
12
Convert -369 (base 10) to base 14.
-1c5
What is -4 (base 13) in base 14?
-4
7 (base 13) to base 9
7
Convert -10101100 (base 2) to base 6.
-444
1001 (base 4) to base 9
72
What is -32 (base 5) in base 13?
-14
Convert be (base 16) to base 14.
d8
Convert 1c7 (base 13) to base 2.
101001100
-51 (base 11) to base 8
-70
Convert -350 (base 8) to base 13.
-14b
-2 (base 9) to base 13
-2
76 (base 10) to base 13
5b
-211 (base 3) to base 2
-10110
What is -20 (base 3) in base 10?
-6
What is 4 (base 7) in base 13?
4
-1 (base 9) to base 10
-1
36 (base 7) to base 2
11011
Convert 1 (base 3) to base 16.
1
Convert -12 (base 13) to base 4.
-33
-402 (base 6) to base 9
-172
3 (base 4) to base 6
3
1c (base 16) to base 9
31
Convert 12 (base 4) to base 14.
6
Convert 1110 (base 5) to base 13.
bc
What is 15 (base 6) in base 14?
b
-2 (base 3) to base 7
-2
Convert 6 (base 13) to base 2.
110
What is -2 (base 6) in base 5?
-2
313 (base 5) to base 12
6b
Convert -5 (base 14) to base 10.
-5
1 (base 4) to base 3
1
What is 223 (base 5) in base 12?
53
Convert -11 (base 3) to base 14.
-4
13 (base 5) to base 14
8
What is 5 (base 6) in base 2?
101
-41 (base 11) to base 16
-2d
What is 11 (base 3) in base 5?
4
Convert -11 (base 2) to base 8.
-3
What is 3 (base 9) in base 6?
3
Convert -11122 (base 3) to base 16.
-7d
Convert -a9 (base 15) to base 14.
-b5
What is -a (base 15) in base 5?
-20
Convert -1b (base 13) to base 15.
-19
What is -11000 (base 2) in base 6?
-40
-13 (base 5) to base 6
-12
-30 (base 7) to base 11
-1a
What is -3a (base 11) in base 7?
-61
-21 (base 16) to base 10
-33
-2 (base 6) to base 12
-2
1 (base 14) to base 3
1
-101010 (base 2) to base 10
-42
Convert 4 (base 9) to base 6.
4
What is 1 (base 7) in base 6?
1
37 (base 12) to base 16
2b
Convert 6 (base 12) to base 3.
20
-270 (base 8) to base 2
-10111000
-2 (base 12) to base 3
-2
What is 221 (base 4) in base 11?
38
Convert 12 (base 15) to base 5.
32
What is -37 (base 11) in base 14?
-2c
1 (base 14) to base 13
1
Convert d (base 16) to base 14.
d
What is -1 (base 3) in base 5?
-1
Convert 0 (base 4) to base 7.
0
-63 (base 13) to base 15
-56
-b (base 13) to base 3
-102
What is -25 (base 13) in base 7?
-43
0 (base 4) to base 13
0
What is -101 (base 4) in base 7?
-23
What is -31 (base 13) in base 6?
-104
3 (base 8) to base 15
3
What is 21 (base 13) in base 6?
43
What is 3 (base 14) in base 9?
3
Convert -1144 (base 5) to base 11.
-149
What is -11 (base 15) in base 14?
-12
What is 424 (base 6) in base 14?
b6
Convert 1 (base 16) to base 2.
1
What is 4 (base 7) in base 4?
10
Convert 13 (base 7) to base 14.
a
11 (base 13) to base 3
112
Convert -21 (base 8) to base 2.
-10001
What is -162 (base 7) in base 5?
-333
Convert -73 (base 15) to base 3.
-11000
What is 48 (base 10) in base 16?
30
Convert -101 (base 14) to base 6.
-525
What is -47 (base 15) in base 13?
-52
What is -3 (base 13) in base 16?
-3
What is 14 (base 10) in base 3?
112
Convert -423 (base 8) to base 16.
-113
1 (base 16) to base 11
1
Convert 11010 (base 2) to base 4.
122
What is 15 (base 15) in base 12?
18
Convert 19 (base 15) to base 8.
30
Convert -4 (base 9) to base 8.
-4
What is -14 (base 14) in base 12?
-16
103 (base 5) to base 13
22
What is 273 (base 8) in base 13?
115
1010000 (base 2) to base 10
80
Convert 79 (base 15) to base 14.
82
-1 (base 11) to base 16
-1
What is 60 (base 7) in base 6?
110
-3a (base 11) to base 9
-47
Convert 36 (base 9) to base 14.
25
What is -33 (base 4) in base 6?
-23
2a (base 11) to base 16
20
Convert 185 (base 9) to base 15.
a8
Convert -4 (base 13) to base 16.
-4
111010 (base 2) to base 14
42
Convert 1 (base 5) to base 10.
1
-225 (base 6) to base 15
-5e
1000 (base 2) to base 9
8
What is -4 (base 13) in base 2?
-100
What is 212 (base 3) in base 6?
35
What is 11 (base 12) in base 16?
d
-2 (base 10) to base 14
-2
Convert -3 (base 7) to base 9.
-3
Convert 101 (base 2) to base 9.
5
1 (base 6) to base 2
1
-10 (base 10) to base 5
-20
14 (base 13) to base 11
16
Convert -5 (base 12) to base 7.
-5
What is 1 (base 4) in base 11?
1
What is 5 (base 10) in base 13?
5
Convert 25 (base 11) to base 7.
36
What is -100 (base 16) in base 12?
-194
What is 1 (base 10) in base 12?
1
Convert -313 (base 4) to base 6.
-131
Convert 12 (base 3) to base 2.
101
What is -1 (base 12) in base 9?
-1
What is -6 (base 16) in base 2?
-110
Convert 1 (base 8) to base 4.
1
Convert 3 (base 11) to base 13.
3
2 (base 16) to base 6
2
430 (base 5) to base 2
1110011
Convert 12 (base 11) to base 15.
d
Convert 4 (base 11) to base 2.
100
What is -14 (base 5) in base 12?
-9
1110101 (base 2) to base 14
85
Convert 0 (base 6) to base 14.
0
-a0 (base 11) to base 14
-7c
-20 (base 13) to base 3
-222
7 (base 15) to base 2
111
What is -c (base 14) in base 3?
-110
20200 (base 3) to base 7
345
-11 (base 6) to base 3
-21
1100 (base 2) to base 6
20
Convert 0 (base 9) to base 7.
0
Convert 125 (base 16) to base 9.
355
-20 (base 7) to base 15
-e
What is 80 (base 13) in base 8?
150
-10 (base 13) to base 14
-d
What is -4 (base 7) in base 13?
-4
-59 (base 11) to base 9
-71
Convert 66 (base 9) to base 2.
111100
1 (base 13) to base 9
1
-1000 (base 2) to base 6
-12
0 (base 16) to base 5
0
1 (base 9) to base 8
1
274 (base 9) to base 2
11100101
What is -22 (base 14) in base 10?
-30
41 (base 12) to base 7
100
Convert 211 (base 3) to base 4.
112
100 (base 2) to base 12
4
What is 13 (base 4) in base 13?
7
What is -10 (base 2) in base 13?
-2
What is -23 (base 9) in base 16?
-15
Convert 12 (base 6) to base 9.
8
-31 (base 10) to base 11
-29
What is 4 (base 16) in base 3?
11
Convert -1 (base 2) to base 12.
-1
What is 1a (base 14) in base 7?
33
Convert -33 (base 14) to base 8.
-55
What is -84 (base 13) in base 8?
-154
What is -2 (base 3) in base 9?
-2
Convert -40 (base 13) to base 8.
-64
What is 16 (base 16) in base 10?
22
What is 20 (base 12) in base 14?
1a
Convert 22 (base 7) to base 9.
17
What is 7 (base 8) in base 15?
7
Convert 1010011 (base 2) to base 4.
1103
What is -2 (base 14) in base 11?
-2
40 (base 16) to base 11
59
What is 0 (base 7) in base 15?
0
What is 3 (base 16) in base 8?
3
What is -13 (base 13) in base 11?
-15
Convert -11 (base 9) to base 6.
-14
-33 (base 5) to base 13
-15
110 (base 3) to base 8
14
What is 225 (base 6) in base 16?
59
What is 0 (base 16) in base 6?
0
What is 52 (base 8) in base 13?
33
What is -1 (base 16) in base 6?
-1
0 (base 13) to base 3
0
-10122 (base 3) to base 10
-98
What is 150 (base 14) in base 3?
100212
What is -102222 (base 3) in base 7?
-641
12 (base 15) to base 12
15
343 (base 9) to base 6
1150
What is -10 (base 2) in base 15?
-2
43 (base 6) to base 9
30
5 (base 6) to base 15
5
-1 (base 5) to base 7
-1
What is 12 (base 10) in base 15?
c
What is -3 (base 11) in base 8?
-3
What is 21 (base 5) in base 3?
102
-21 (base 3) to base 13
-7
Convert -2 (base 8) to base 11.
-2
Convert 3 (base 4) to base 11.
3
What is -30 (base 9) in base 15?
-1c
What is -17 (base 9) in base 16?
-10
What is 111 (base 4) in base 14?
17
-221 (base 8) to base 15
-9a
What is 4 (base 10) in base 8?
4
What is -10 (base 5) in base 14?
-5
1d (base 16) to base 3
1002
What is -4 (base 10) in base 3?
-11
-6 (base 12) to base 16
-6
Convert -116 (base 8) to base 7.
-141
-d (base 14) to base 10
-13
-2 (base 5) to base 11
-2
45 (base 9) to base 8
51
What is 505 (base 8) in base 4?
11011
-24 (base 6) to base 9
-17
2 (base 11) to base 4
2
18 (base 11) to base 6
31
What is -59 (base 14) in base 5?
-304
Convert -42 (base 5) to base 16.
-16
Convert 3 (base 16) to base 12.
3
13 (base 12)